0 = -q + 4*a + 194, -2*a + 7*a = -3*q + 582. Let c = 309 - q. Is c a prime number?
False
Let n(x) = -4*x + 26. Is n(-14) a prime number?
False
Suppose -656 = -4*p + 680. Suppose 0*n + n = 4*w - p, -5*w + 422 = n. Let y = w + -49. Is y a composite number?
True
Suppose -i - 3*i - 196 = 0. Let m = i - -5. Let u = m - -65. Is u a composite number?
True
Is (-2)/(8/14)*-26 a composite number?
True
Let r = 25 - -88. Is r a prime number?
True
Suppose -3*m = -2*m - 3. Suppose -2*y + 11 = 3*t + 2*t, -5*y = -m*t - 74. Is y a prime number?
True
Suppose 4*z + 2*a - 5172 = -2*a, -2*z + 2572 = -5*a. Is z a composite number?
False
Suppose -m = -0*m - 583. Is m a prime number?
False
Let b(c) = c**2 + 4*c + 1. Is b(11) prime?
False
Let y(i) be the first derivative of -i**2/2 + 5*i + 2. Is y(3) composite?
False
Suppose -o = 4*o. Suppose o = -3*p - 5*z + 132, -135 = -3*p + z - 5*z. Is p composite?
True
Suppose -3*q + 99 = -138. Let l = 156 - q. Is l a composite number?
True
Suppose 1473 - 10268 = -5*u. Is u composite?
False
Suppose q = 3*q - 40. Suppose q = 4*n + 8. Suppose n*h - 415 = -2*h. Is h a prime number?
True
Suppose 5*q + 0*q + 71 = r, 210 = 5*r + 4*q. Is r a prime number?
False
Is 4413/9*(-6)/(-2) prime?
True
Let a(d) be the first derivative of -d**4/4 + 13*d**3/3 - 4*d**2 - 5*d - 2. Is a(8) a composite number?
False
Let u = 457 + -191. Is u/4 + 5/10 a composite number?
False
Suppose -5*q - b + 52 = -33, -4*b - 12 = -2*q. Let j = q - -111. Is j a prime number?
True
Suppose 0 = -f - 2*p + 331, p = -f - 4*p + 331. Is f composite?
False
Suppose 4 + 28 = -2*z. Let o be (z/12)/(4/(-618)). Suppose o = 5*i - 39. Is i composite?
True
Let c(b) = 6*b + 4. Let i be c(3). Let u be -14*(i/(-4) - 2). Suppose d - 6*m = -3*m + 43, -3*d = 3*m - u. Is d a prime number?
True
Let a(w) be the second derivative of -1/6*w**4 - 1/2*w**2 + 1/10*w**5 + 1/6*w**3 + 0 - 3*w. Is a(3) a prime number?
False
Let d = 7 + 28. Is d a composite number?
True
Let i(r) = -r**2 + 5*r + 3. Let t be i(5). Suppose -4*g + 375 = -5*o, -100 = -4*g + t*g - 5*o. Let u = -56 + g. Is u a prime number?
False
Let y = 8 + -6. Let a be (-546)/(3/(-1)) - y. Let p = a - 39. Is p prime?
False
Is (-122883)/(-21) - 4/7 a composite number?
False
Let i be (-3)/(-6)*-1*-2. Let y be (5*4 - 3)*i. Suppose 0 = s - y - 68. Is s a prime number?
False
Let x be (5 - -3) + (0 - 0). Suppose 0 = 2*l - 178 + x. Is l prime?
False
Suppose 0 = 3*w + 2*w - 10. Let x be 4*(48/2 - w). Suppose -z - 3*z + x = 0. Is z composite?
True
Is (-3 - (0 - 2)) + 1088 a composite number?
False
Let y = -12 + 5. Let g = y + 9. Suppose g*q = -3*q + 185. Is q a prime number?
True
Let z = -14 + 52. Let v = -3 + z. Suppose 0*r + 5*r - v = 0. Is r a composite number?
False
Suppose -u - 5 = -2. Let f = 22 + u. Is f a prime number?
True
Let o(f) = -27*f - 7. Is o(-18) a prime number?
True
Let y(c) be the second derivative of c**4/6 + 19*c**3/6 + 17*c**2/2 - 3*c. Is y(-12) a prime number?
False
Suppose -2*f - b = -4, -4*f = 3*b - 9 - 3. Suppose 4*v + r - 392 = 3*r, 382 = 4*v + 3*r. Suppose f = -g + v - 8. Is g a prime number?
True
Suppose 4*q - 4*k - 2524 = 0, -546 + 3070 = 4*q - 5*k. Is q composite?
False
Let p(z) = z**3 - 9*z**2 - 2*z + 20. Let x be p(9). Suppose -2*j = o, 4*j = -5*o + 2*j + 16. Suppose -x*l + o*l - 206 = 0. Is l a composite number?
False
Let x = -941 - -1738. Is x a prime number?
True
Let n(v) = -11 - 2*v - 2*v + 2 - 3*v. Is n(-8) composite?
False
Suppose 5*o - m = 18, -4*o = m + m - 20. Suppose 5*l + 2*p = 4, -o*p - 10 = -3*l + 8. Suppose -7 - 35 = -l*w. Is w prime?
False
Let s = -4 + -2. Let z be (-4)/3*27/s. Is (-65)/(-9) - z/27 a composite number?
False
Let p(g) = 0*g - 11 - g**3 + 5*g + 0*g**2 - 6*g**2. Suppose 8*d = 3*d - 40. Is p(d) a prime number?
False
Let y = -4 - -7. Suppose 95 = y*z + 2*c, z - 6*c - 55 = -2*c. Is z a composite number?
True
Let y(c) = c + c + 0 + c**2 - 1 + 4. Is y(-3) composite?
True
Let p = 4 + -1. Suppose 2*d - 3*s = -3, 0 = -3*d - 0*d - 3*s + p. Suppose 5*c - 2*y - 1665 = d, -5*c = -5*y - 1469 - 211. Is c a composite number?
False
Let t be (6 + -1)*2*-83. Let u = -3 - -7. Is (t/15)/(u/(-6)) composite?
False
Let l = -17 - -2. Let v(u) = u**3 + 15*u**2 - 14*u + 1. Is v(l) composite?
False
Suppose -2*x + 10 = 4*b, 4*x + b - 48 = -0*x. Let d(g) = 2*g**2 - 20*g + 19. Is d(x) a prime number?
True
Is -1 - 0 - (-22 - 1) a composite number?
True
Let g(k) = 33*k + 2. Suppose 0 = 2*q + 3*m + 1, -5*m + 0 = -q + 6. Is g(q) a composite number?
True
Let y = -879 + 1492. Is y composite?
False
Let u(z) = 3*z**2 - 2*z - 3. Let y be u(-6). Let w(r) = -5*r**2 - 4*r + 1. Let q be w(-3). Let m = y + q. Is m prime?
False
Let w(z) be the second derivative of -z**4/12 + z**3/6 + 51*z**2/2 - 9*z. Let q = 2 - 2. Is w(q) composite?
True
Suppose -m - 515 = -6*m. Is m a composite number?
False
Let j = 85 - 6. Is j a prime number?
True
Suppose 2*k = -2*d - 4, 2*d = d - 3*k - 12. Suppose d + 1 = w, -3*c = -4*w - 143. Is c prime?
True
Suppose -4*f + 10*f - 2514 = 0. Is f a composite number?
False
Suppose -g - 4*g = -2*h - 362, 0 = 5*g + h - 359. Is (-2)/9 - (-1096)/g a prime number?
False
Suppose 0 = -3*l + 96 + 15. Is l composite?
False
Is 2777/7 - (-2)/7 composite?
False
Suppose -2*b = -4*q - 248 + 2146, -5*b = q - 458. Is q composite?
True
Suppose -x = 2*v + 2*x - 25, 2*v - 2*x = 0. Let d be 4*(v/2 - 2). Let h = 2 + d. Is h a composite number?
True
Let n = 38 - -128. Is n a prime number?
False
Suppose 3362 = -10*j + 37452. Is j a prime number?
False
Let l(w) = 2*w**2 + 3. Is l(-4) a prime number?
False
Is (-351)/(-4) - (-6)/(-8) prime?
False
Let o = -54 - -3. Let x = 18 - o. Is x a prime number?
False
Suppose 0*y - 4*y + 8548 = 0. Is y a composite number?
False
Suppose -6*t - 2*f - 4 = -4*t, -f + 6 = 5*t. Suppose 0 = t*d - 105 - 73. Is d a composite number?
False
Let l = -1287 + 3970. Is l composite?
False
Let q be (-2)/8 - 26/(-8). Suppose -5*n - 15 = 0, -q*n + 185 + 18 = 2*i. Let b = i + -41. Is b a prime number?
False
Let x = 904 - 390. Let g = x - 227. Is g a composite number?
True
Let k = 621 + -328. Is k a composite number?
False
Suppose 5*s = 1633 + 2292. Is s prime?
False
Let h = 2 - 3. Is (1*-79 - -2)/h composite?
True
Let b(m) = 7*m**3 - 3*m**2 - 3*m - 4. Is b(3) a prime number?
True
Let h be (2/5)/((-7)/(-1785)). Let k = 131 + h. Is k a composite number?
False
Let m = -508 + 887. Is m a composite number?
False
Suppose -4*y - 2*c + 4 - 18 = 0, 5*y - c + 7 = 0. Let f be (-75)/12 + y/(-8). Is (-4)/f - (-290)/6 a composite number?
True
Let x = 46 + -9. Is x prime?
True
Suppose 0 = 8*r + 6858 - 32482. Is r composite?
False
Let y be ((-1590)/(-18))/(2/(-6)). Let s = -134 - y. Is s a composite number?
False
Suppose -573 = -25*m + 22*m. Is m a composite number?
False
Suppose 576 - 20 = 4*o. Suppose -367 = -2*v + o. Is v a composite number?
True
Suppose 4*p = -p + 15. Let j(l) = -3*l**2 + l**2 + 1 + 3*l**3 + 2*l**p + l**2. Is j(2) a composite number?
False
Suppose 4*f = f + 456. Let s = f - 93. Is s prime?
True
Let h = 1 + -1. Suppose -4*q - 4*w + w = -367, w - 456 = -5*q. Suppose h*i = -i + q. Is i prime?
False
Suppose -4*v = -3*k - 2*k + 7, 3*v = 6. Let l(f) = 6*f - 1 + 3*f + k*f. Is l(3) composite?
True
Suppose 0*o - 642 = -3*o + 3*h, 0 = 3*o - 5*h - 644. Is o a prime number?
False
Let h(z) = z**2 + 5*z. Let l be h(-5). Let r(s) = -s**2 + s - 72. Let g be r(l). Let n = g - -119. Is n a composite number?
False
Suppose 0 = 3*o - 4*b - 1395, -5*b + 1422 = o + 2*o. Is o a composite number?
True
Suppose 6*u = -z + 2*u + 57, z - 5*u - 30 = 0. Let l = -14 + -12. Let p = z + l. Is p a prime number?
True
Let f(m) = -m**2 + 5*m + 7. Let g be f(6). Let r be g*(-2)/5*15. Is (237/r)/((-2)/4) a prime number?
True
Let d(i) = -20*i + 2. Let o be d(-3). Is (o/(-3))/((-6)/9) composite?
False
Let m = 22 - 13. Let c = -3 + m. Let k = 16 - c. Is k a prime number?
False
Let b = 1 + 4. Suppose r + 20 = b*r. Suppose 197 = r*w - 268. Is w prime?
False
Suppose -3233 = -16*z + 15*z. Is z a composite number?
True
Suppose 0*v = 7*v - 6797. Is v a composite number?
False
Suppose -5*w - 1458 + 433 = 0. Let q = -86 - w. Is q a composite number?
True
Suppose 4*y - 2*n - 1866 = -372, 0 = -2*y + 3*n + 757. Is y prime?
False
Let d(i) be the first derivative o